et o(h) be the third derivative of h**5/6 + h**4/24 - h**3/3 - 321*h**2. What is o(1)?
9
Let z(a) = 3*a - 6. Let c be z(4). Let b(x) be the third derivative of x**6/120 - x**5/12 - x**4/4 + 5*x**3/6 + 2*x**2 + 3. Give b(c).
5
Suppose -7*b + 2*b = -15, 0 = 4*m + b - 11. Let k(d) = -6 + 1 + 244*d**2 + d**3 - 239*d**2 - m*d. Give k(-5).
5
Suppose 10*r + 10 + 330 = 0. Let o = -33 - r. Let d(w) = 20*w**2 - 1. Determine d(o).
19
Let c(x) be the second derivative of x**4/12 + x**3/3 - 2*x**2 + 3215*x + 1. Let q be (4 - 0)*-1*1. Give c(q).
4
Let p = -17 - -40. Let f = -18 + p. Let a(w) = w**2 - 2*w + 1. Calculate a(f).
16
Suppose j - 1 = 2. Let z(h) = 3*h**2 - 43*h + 1 + 39*h + 6*h**2 - 8*h**2. Calculate z(j).
-2
Let r(p) = -p**3 - 5*p**2 - 6*p - 6. Suppose 25*y - 22*y = 24. Suppose -2*x + 0*x = y. Calculate r(x).
2
Suppose 3*h = -5*b + 10, 2*h + 2*b = 7*h - 27. Let w(s) = -8 + h + s**3 + 25*s**2 - 8 - 24*s**2. Determine w(0).
-11
Let n(d) = -3*d**2 - 110 - 3*d + 0*d - 13*d + 103. Determine n(-5).
-2
Let z(d) be the third derivative of d**5/60 + d**4/3 + 5*d**3/6 - 5*d**2 + 5. Give z(-8).
5
Let p(j) = 5*j**3 - 3*j**2 + 1. Let u(b) = 4*b**2 + 4*b - 6. Let s be u(-2). What is p(s)?
29
Let l(z) = 37 - z + 3*z - 39. Calculate l(5).
8
Let g(v) = -5*v + 2. Let m = -36 + 34. Let a(k) = -4*k + 1. Let s(c) = m*g(c) + 3*a(c). Give s(-2).
3
Let q(k) = k**3 - 20*k**2 - 41*k - 53. Let l be q(22). Let u(h) = h**3 - 14*h**2 + 14*h - 16. Calculate u(l).
-3
Suppose -3*j + 17 = -1. Suppose -3*v - j = 5*y - 32, y = 4*v - 4. Suppose -l - 1 = h - 0*h, l + 6 = y*h. Let k(d) = 12*d - 1. What is k(h)?
11
Let f(c) = c**2 - 6. Let k be f(3). Let q(r) = -r - 1 + k - 7. What is q(-6)?
1
Let o(i) = 14*i**2 - 3*i - i + 2 + 48*i**2 - 64*i**2. Give o(-5).
-28
Suppose 0 = -3*p, -9*p - 4 = -2*r - 8*p. Let x(u) = -7*u - 1. Let y be 2 + -1 - (-1 - -3). Let z(w) = -w. Let i(n) = y*x(n) + 6*z(n). Calculate i(r).
3
Let o be 2*(3 - 2) - 0/1. Let m(p) = 37 - p + 4*p**o - 36 - 5*p**2. Give m(1).
-1
Let i = 761 - 763. Let n(k) = -11*k + 3. Calculate n(i).
25
Let f(d) = d**3 - 4*d**2 + 2*d + 2. Let g = -31 + 29. Suppose -6*z = -2*z - 60. Let v be 5*(36/z + g). What is f(v)?
-2
Suppose 5*s = 3*q + 18, 14 = 3*s + 3*q - 8*q. Let v(r) = 3*r**2 + r - 3. Determine v(s).
27
Let t be (8/6)/((-4)/(-6)). Let v(k) = 10*k - 4. Let u(n) = -88*n + 36. Let w(a) = -2*u(a) - 18*v(a). Calculate w(t).
-8
Let m(i) = i**3 + 6*i**2 - 7*i - 3. Let k = 188 + -165. Let c = k + -30. Calculate m(c).
-3
Let b(y) = 9*y - 19. Let s be b(2). Let m(p) = -p**2 - p + 7 + 19*p**3 - 7. Determine m(s).
-19
Let t(f) = f**2 - 12*f + 16. Let c = 0 - -45. Suppose c*p = 43*p + 22. Determine t(p).
5
Let w(a) be the second derivative of a**8/6720 + a**7/840 + a**6/720 - 11*a**4/12 + 19*a. Let r(c) be the third derivative of w(c). Give r(-3).
-3
Let m(z) = z**3 + 4*z**2 + 4471 - 2236 - 2236. Let k = 2 + -6. Give m(k).
-1
Let p(q) = q**3 + 5*q**2 - 6*q + 8. Suppose -12 = -4*h - 36. Give p(h).
8
Let v(l) be the third derivative of -l**6/120 - 5*l**3/6 + 64*l**2 + 2*l. Determine v(-2).
3
Suppose 32*i + 7 = 31*i + 3*y, 3*i + y = 9. Let h(p) be the first derivative of p**4/4 + p**2 - 2*p - 2. What is h(i)?
10
Let n = 162 + -155. Let b(h) = h**2 - 8*h - 8. Determine b(n).
-15
Let w(x) be the first derivative of -x**3/3 - x**2/2 - 3*x - 282. Determine w(0).
-3
Suppose -13*q = -9*q - 44. Let j = q + -7. Let s(x) = 2*x**2 + 4*x - 5. Let b(p) = -3*p**2 - 4*p + 6. Let t(a) = -3*b(a) - 4*s(a). Calculate t(j).
2
Let g(i) = -5*i**2 - 2*i + 1. Suppose l - 5*l = -20. Let r = l + -1. Suppose 0*h - 4 = -r*h. Give g(h).
-6
Let r(d) be the first derivative of -5/24*d**4 - 4/3*d**3 - 1/60*d**5 + 7 + 0*d**2 + 0*d. Let x(s) be the third derivative of r(s). Determine x(-4).
3
Let r(y) = 2*y - 5. Let a be r(6). Let h(w) be the second derivative of w**3/6 - 8*w**2 + 3*w - 15. Determine h(a).
-9
Let q(l) = l**3 - l**2 - 10*l - 2. Let g(a) = a**3 - a**2 - 9*a - 1. Let c(w) = 3*w - 13. Let o be c(6). Let t(p) = o*g(p) - 4*q(p). What is t(3)?
6
Let m(n) = -1296*n**3 - 3*n**2 - 1293*n**3 - 3*n - 1 + 2*n + 2590*n**3. Give m(4).
11
Let m(b) be the second derivative of -b**4/12 + b**3/2 + b**2/2 + b. Suppose -3*i + 2*q = 10, 2*q = -5*i - 7 + 1. Calculate m(i).
-9
Suppose 4*s + 2*s = -36. Let p(w) = 5*w + 23. Give p(s).
-7
Let o(p) be the first derivative of p**6/120 - p**5/10 + p**4/24 - p**3/3 + 3*p**2 + 3. Let x(s) be the second derivative of o(s). What is x(6)?
4
Let v(b) = -81*b**2 + 4*b + 5*b + 80*b**2. Calculate v(6).
18
Let v(i) = -i**2 + 3*i + 2. Suppose -4*o + 3 + 5 = 0. Suppose -s - 11 = -o*d, 3*s + 7 = -d + s. Suppose 2*m - 3*m + d = 0. What is v(m)?
2
Let m(u) = -u. Let l = 22 + -17. Suppose 0*w = -5*w - l. Give m(w).
1
Let v(d) be the third derivative of d**6/120 - d**5/20 - d**4/12 + 5*d**3/6 + 3*d**2. Let k(s) = 2*s**2 + 17*s - 26. Let t be k(-10). What is v(t)?
13
Let j(s) be the third derivative of s**4/8 - s**3/3 - 295*s**2. What is j(8)?
22
Let l(x) be the second derivative of 7*x**4/6 + x**3/6 - 4*x. Let y(s) = -2*s - 10 - s - 3*s + 5*s. Let w be y(-9). What is l(w)?
13
Let i(d) = d - 3. Let z(c) = 2*c**3 - 7*c**2 - 7*c - 6. Let o be z(4). Suppose 11 = u - 2. Let x = u + o. Give i(x).
-8
Let m(d) = 2*d - 23. Let a(w) be the third derivative of w**4/24 - 11*w**3/6 + 11*w**2. Let r(u) = 5*a(u) - 3*m(u). Give r(12).
2
Let k(t) = 17*t**2 - 4 - 8*t + 10 - 16*t**2. Let h(a) = -a - 2. Let d be h(-9). Calculate k(d).
-1
Suppose 1 = 2*w + 3*j, -4*w + 11 = -7*j + 4*j. Let b(i) = 3*i - 2. What is b(w)?
4
Let b = -66 + 62. Let m(v) = -2*v - 3. Let s be m(b). Let r(z) = -z**2 + z + 7. Determine r(s).
-13
Let p(m) = 4*m + 10. Suppose -q = -3*j - 27, -4*j - 26 = -2*q + 12. Calculate p(j).
-22
Let c = 13 + -11. Let n(l) = -c*l + 2*l - 3*l**2 + 1. Calculate n(-1).
-2
Suppose 27*i = 28*i + 5*p + 21, p = i - 9. Let t(q) be the second derivative of -q**5/20 + q**4/3 + q**2 + 2*q. Calculate t(i).
2
Let l(j) = 2*j**2 - 9*j - 18. Let n(a) = -a**2 + 5*a + 9. Let u(r) = 2*l(r) + 5*n(r). Let h = -42 + 70. Let c = h + -20. Calculate u(c).
1
Let j(v) = 27 - 3 + v + 2 + 0*v - 5. Give j(-9).
12
Suppose -88 = 5*g - 2*n, 3*g + 4*n - 6*n + 56 = 0. Let m = 13 + g. Let b be m/18 - 91/(-42). Let f(q) = 3*q - 2. What is f(b)?
4
Let v be 3/9 + (-17)/(-3). Let y(h) = 6*h + 4*h - h**3 - 3*h - 7 + v*h**2. Let w be (-34)/(-5) - 5/(-25). Calculate y(w).
-7
Let n(m) be the third derivative of 0*m + 44*m**2 - 11/24*m**4 + 1/60*m**5 + 0 + 13/6*m**3. Give n(10).
3
Let r(q) = 10*q + 1. Let f(n) be the first derivative of 9*n**2/2 + n - 4. Let j(l) = -3*f(l) + 2*r(l). Let p(m) = -m - 4. Let h be p(-5). Give j(h).
-8
Let f(l) be the first derivative of l**4/4 - 5*l**3/3 - 3*l**2 - l - 1. Suppose -3*a - 163 = -520. Let n = -113 + a. Calculate f(n).
-1
Let j(z) = z + 11. Suppose -4*i - 32 = -4*y, y + 25 = -10*i + 8*i. Determine j(i).
0
Let x = 783 + -772. Let r(z) = -z**3 + 11*z**2 + z + 3. What is r(x)?
14
Let x(f) = f**2 + 4*f + 7. Let y be ((-2)/(-6))/((51/36)/(-17)). Calculate x(y).
7
Let i(c) = -2*c - 1. Let m(n) = -n**2 + 6*n + 109. Let z be m(-8). What is i(z)?
5
Let w(v) be the third derivative of v**4/6 - 9*v**2. Let j(n) = -n**2 - 4*n - 3. Let y be j(-2). Give w(y).
4
Suppose r = 1 + 6. Let g(k) = 2*k - 3*k - k + k - r. Determine g(-5).
-2
Suppose -5*m - i = -47, 0 = 2*i - 7*i - 15. Let p(g) = g**3 - 8*g**2 - 20*g + 5. Give p(m).
5
Let m(n) = n**2 + 27*n + 50. Suppose 18*g = 4*y + 22*g + 120, -2*g = -4*y - 90. What is m(y)?
0
Let g(s) = -20*s - 34. Let d(o) = 14*o + 33. Let v(x) = 3*d(x) + 2*g(x). Give v(-13).
5
Let a(g) = g**3 - 3*g**2 + 4*g - 3. Let d be (15/25)/(1/5). Suppose -z + 5*t - 16 + d = 0, 0 = -5*z + 3*t + 1. Calculate a(z).
1
Let y(a) = -5*a - 2. Let r(s) = -s**3 - 6*s**2 + 17*s + 6. Let l be r(-8). What is y(l)?
8
Let z(p) = -p**3 + 12*p**2 - 31*p - 11. Let n(o) = o**2 + 16*o - 72. Let x be n(4). Determine z(x).
-3
Let o(z) be the first derivative of -z**4/4 - 2*z**3/3 + z**2/2 - z - 2. Let u be (-56)/196*(-1 - 6). Give o(u).
-15
Let y(w) = -2*w**2 + 4*w + 1. Let t = 242 - 238. Determine y(t).
-15
Let z(r) = 1 - 2*r - 4 + 7. Let x(y) = -14*y - 35. Let t(i) = 5*i + 13. Let h(o) = -11*t(o) - 4*x(o). Let s(w) = -3*h(w) - 2*z(w). What is s(3)?
4
Let k(n) = n**2 - 8*n + 2. Suppos